110101010101 (base 2) to base 5
-1000301
Convert 53265 (base 7) to base 3.
200002010
7638 (base 12) to base 7
52625
Convert 3050 (base 6) to base 5.
10203
-1011001110001 (base 2) to base 14
-2145
Convert -1044211 (base 5) to base 9.
-27556
-1031111 (base 4) to base 5
-124244
41bd (base 16) to base 7
100031
What is 93 (base 11) in base 9?
123
What is -5071 (base 9) in base 3?
-12002101
What is 2330 (base 12) in base 15?
1269
945 (base 10) to base 15
430
-530425 (base 6) to base 9
-64788
What is 2310 (base 16) in base 12?
5240
Convert -2012210 (base 3) to base 2.
-11001001110
54535 (base 8) to base 14
84a1
Convert -354150 (base 6) to base 5.
-1440423
-1010100001010010 (base 2) to base 6
-531254
What is 20142 (base 8) in base 7?
33112
Convert 101011100000101 (base 2) to base 10.
22277
34da (base 15) to base 13
515b
-24167 (base 8) to base 13
-493b
14410 (base 7) to base 16
f88
What is 247 (base 11) in base 2?
100100101
Convert -120110020 (base 3) to base 7.
-44562
Convert -51 (base 6) to base 9.
-34
Convert 24887 (base 10) to base 11.
17775
201320 (base 4) to base 8
4170
-6dd (base 14) to base 12
-963
-31535 (base 10) to base 8
-75457
What is -407 (base 14) in base 7?
-2210
What is a0 (base 12) in base 5?
440
a5 (base 15) to base 16
9b
Convert -16035 (base 7) to base 3.
-20011010
-33b (base 12) to base 16
-1df
32664 (base 7) to base 11
6201
Convert 52034 (base 7) to base 11.
9610
Convert 588 (base 14) to base 6.
5032
Convert 100c (base 15) to base 5.
102022
What is -212 (base 13) in base 3?
-111002
Convert 103330 (base 4) to base 15.
5a1
Convert -3385 (base 11) to base 16.
-1161
What is -1111101000 (base 2) in base 11?
-82a
What is -21010000 (base 3) in base 4?
-1101000
Convert 155d (base 14) to base 5.
110212
Convert bc0 (base 16) to base 12.
18a8
-2729 (base 14) to base 16
-1af1
14257 (base 8) to base 10
6319
-74 (base 13) to base 8
-137
Convert -1012002 (base 3) to base 13.
-518
-1124 (base 5) to base 12
-118
What is -17983 (base 10) in base 5?
-1033413
-154 (base 15) to base 11
-257
What is -20424 (base 5) in base 12?
-958
-152 (base 7) to base 6
-222
Convert 2301123 (base 5) to base 11.
28710
-37052 (base 9) to base 7
-132254
6418 (base 12) to base 11
8268
-240125 (base 6) to base 12
-10045
What is -44432 (base 6) in base 3?
-22112002
What is 20ad (base 15) in base 16?
1b01
Convert -1413 (base 6) to base 16.
-171
Convert -230 (base 10) to base 4.
-3212
a9d3 (base 14) to base 16
72cd
-1100111101 (base 2) to base 7
-2263
Convert -32200022 (base 4) to base 2.
-1110100000001010
Convert 529 (base 11) to base 8.
1174
What is -757 (base 12) in base 2?
-10000110011
What is -67 (base 8) in base 6?
-131
Convert 16959 (base 10) to base 3.
212021010
-2100102 (base 3) to base 16
-6b0
110000010110 (base 2) to base 12
195a
Convert -1222221 (base 3) to base 8.
-2660
What is 1010 (base 6) in base 3?
22020
Convert -241102 (base 6) to base 16.
-51fe
What is -202a (base 11) in base 12?
-1686
What is 1433 (base 5) in base 7?
465
-120110 (base 3) to base 14
-21b
Convert -b0b (base 14) to base 13.
-ca9
What is 100011111 (base 2) in base 8?
437
Convert -1155442 (base 6) to base 16.
-f2d2
30 (base 12) to base 6
100
What is -274 (base 9) in base 8?
-345
What is 3d5 (base 14) in base 15?
36a
-111100100010 (base 2) to base 13
-19c0
What is 6c (base 16) in base 8?
154
Convert 2184 (base 14) to base 8.
13250
-123103 (base 6) to base 13
-5055
Convert 260 (base 11) to base 4.
10310
25 (base 11) to base 6
43
What is -1560 (base 7) in base 12?
-446
-5a68 (base 14) to base 3
-210122011
Convert 4214 (base 5) to base 10.
559
Convert -420 (base 7) to base 3.
-21210
What is 1102021 (base 4) in base 7?
21220
Convert 1151124 (base 6) to base 4.
32323330
Convert 14557 (base 10) to base 8.
34335
Convert -13713 (base 8) to base 4.
-1133023
What is 35783 (base 9) in base 3?
1012212210
-22211110 (base 3) to base 16
-1926
What is -37b4 (base 12) in base 4?
-1202320
2083 (base 16) to base 2
10000010000011
Convert -1210011 (base 3) to base 6.
-10004
Convert -77 (base 15) to base 6.
-304
What is -354 (base 7) in base 12?
-136
Convert -20223 (base 6) to base 15.
-bd9
-40504 (base 6) to base 5
-132433
What is -110 (base 2) in base 4?
-12
What is 111011001 (base 2) in base 4?
13121
Convert 11000100101 (base 2) to base 7.
4405
What is 3223 (base 8) in base 15?
773
Convert 11215 (base 14) to base 5.
2312241
Convert -322 (base 4) to base 15.
-3d
What is -1440032 (base 5) in base 15?
-912c
What is -230 (base 13) in base 16?
-179
What is -b42a (base 14) in base 2?
-111100100011110
Convert 503a (base 14) to base 15.
4132
What is -b898 (base 13) in base 9?
-38153
Convert -14122 (base 5) to base 6.
-5214
Convert -8788 (base 10) to base 14.
-32ba
Convert 5d1 (base 15) to base 14.
6a5
Convert -155414 (base 6) to base 10.
-15490
What is -3a76 (base 12) in base 7?
-25401
-8 (base 11) to base 8
-10
What is -7ce (base 15) in base 3?
-2102112
Convert -47 (base 11) to base 5.
-201
What is -4440 (base 7) in base 13?
-95a
What is 21134 (base 6) in base 2?
101100110010
Convert 2151 (base 8) to base 13.
68b
8829 (base 11) to base 7
45646
-15f3 (base 16) to base 3
-21201010
-11010 (base 3) to base 16
-6f
33430 (base 5) to base 6
14541
What is 20013 (base 6) in base 15?
b86
What is -11673 (base 8) in base 11?
-3882
Convert -762 (base 10) to base 8.
-1372
What is 10000001110 (base 2) in base 15?
493
-55 (base 13) to base 16
-46
10111111110 (base 2) to base 16
5fe
What is -1143 (base 6) in base 15?
-139
What is 265 (base 12) in base 9?
445
What is 74756 (base 8) in base 16?
79ee
1de2 (base 15) to base 9
8835
-111000011011 (base 2) to base 13
-184a
Convert -18986 (base 10) to base 12.
-aba2
-cbd (base 16) to base 13
-163b
What is -21330 (base 4) in base 12?
-450
What is 4c0 (base 14) in base 10?
952
What is 61 (base 16) in base 5?
342
-1101010111001 (base 2) to base 8
-15271
Convert -5aa7 (base 16) to base 15.
-6d22
What is -11220 (base 13) in base 4?
-13212102
What is -256 (base 15) in base 6?
-2243
-110001000011 (base 2) to base 12
-1997
What is -a611 (base 11) in base 8?
-33340
-223365 (base 7) to base 11
-27866
What is -11114 (base 8) in base 4?
-1021030
Convert 10011001100000 (base 2) to base 16.
2660
Convert 4c2 (base 13) to base 7.
2301
What is -15d (base 14) in base 16?
-117
What is 345 (base 9) in base 2?
100011100
Convert -5a (base 15) to base 7.
-151
What is -2201111 (base 3) in base 2?
-11111000000
Convert 1202132 (base 4) to base 6.
45102
What is 4651 (base 7) in base 11?
1308
Convert 487 (base 10) to base 12.
347
Convert -11c9 (base 13) to base 8.
-4743
1011110100 (base 2) to base 8
1364
Convert 24b (base 16) to base 12.
40b
What is -101010011110100 (base 2) in base 8?
-52364
What is -12381 (base 11) in base 2?
-100010101011011
What is -2051 (base 6) in base 16?
-1cf
What is 530500 (base 6) in base 16?
a7c4
-1497b (base 15) to base 8
-201332
6006 (base 15) to base 5
1122011
-a718 (base 12) to base 2
-100011110000100
Convert 15251 (base 7) to base 9.
5742
What is 133122 (base 4) in base 2?
11111011010
Convert -4770 (base 11) to base 4.
-1201220
What is -2666 (base 7) in base 4?
-100010
1000111001010000 (base 2) to base 10
36432
-3166 (base 7) to base 3
-1112201
-11110000000 (base 2) to base 12
-1140
What is 1340 (base 11) in base 13?
a39
What is -52 (base 7) in base 11?
-34
Convert 11238 (base 11) to base 2.
11111101111111
What is -8a9a (base 11) in base 10?
-11967
What is 101111000111 (base 2) in base 16?
bc7
What is 24514 (base 8) in base 11?
7a41
2 (base 5) to base 3
2
What is -72 (base 10) in base 5?
-242
Convert -5770 (base 9) to base 11.
-3237
16228 (base 11) to base 12
11303
What is 198 (base 13) in base 5?
2134
Convert 343 (base 12) to base 2.
111100011
-1d12 (base 14) to base 4
-1102330
Convert -112 (base 14) to base 13.
-134
What is 8f57 (base 16) in base 8?
107527
-1110 (base 3) to base 14
-2b
Convert 11100100010 (base 2) to base 5.
24301
-26725 (base 9) to base 7
-103505
Convert 2600 (base 8) to base 9.
1834
Convert -106 (base 10) to base 14.
-78
-10717 (base 9) to base 7
-26554
13553 (base 7) to base 15
1178
What is -2a56 (base 16) in base 4?
-2221112
4246 (base 9) to base 16
c30
4b1 (base 15) to base 11
88a
What is -132011 (base 4) in base 7?
-5420
-10e99 (base 15) to base 9
-81860
What